{"id":50,"date":"2025-06-02T07:39:48","date_gmt":"2025-06-02T07:39:48","guid":{"rendered":"https:\/\/mariannek.dk\/?page_id=50"},"modified":"2025-06-23T07:57:57","modified_gmt":"2025-06-23T07:57:57","slug":"prisliste","status":"publish","type":"page","link":"https:\/\/mariannek.dk\/?page_id=50","title":{"rendered":"Prisliste"},"content":{"rendered":"\n<p><strong>Online l\u00f8sninger:<\/strong><br>Webbaseret kostplan: 249kr<br>Webbaseret tr\u00e6ningsprogram: 249kr<br>Webbaseret kostplan og tr\u00e6ningsprogram: 449kr<\/p>\n\n\n\n<p><br><strong>Programl\u00e6gning og kropsanalyse:<\/strong><br>Programl\u00e6gning (purple fitness) \u00e1 55 min inklusiv afklaring af m\u00e5l: 299kr.<\/p>\n\n\n\n<p>Kropsanalyse (komplet analyse af BMI, fedtprocent\/masse, muskelprocent\/masse m.v.) \u00e1 15 min inklusiv gode r\u00e5d\/vejledning: 69kr<\/p>\n\n\n\n<p><br><strong>Personlig tr\u00e6ning:<\/strong><br>1 x Personlig tr\u00e6ning 55 min. Inkl tr\u00e6ningsprogram og kropsanalyse 449 kr<br>4 x personlig tr\u00e6ning \u00e1 55 min. : 1500 kr (inkl opstart)<br>8 x personlig tr\u00e6ning \u00e1 55 min. : 2700 kr (inkl opstart)<br>12 x personlig tr\u00e6ning \u00e1 55 min. : 3800 kr (inkl opstart)<\/p>\n\n\n\n<p><br><strong>Tr\u00e6n 2 \u2013 kun pakkel\u00f8sning:<\/strong><br>4 x personlig tr\u00e6ning \u00e1 55 min. : 2000 kr (inkl opstart)<br>8 x personlig tr\u00e6ning \u00e1 55 min. : 3200 kr (inkl opstart)<br>12 x personlig tr\u00e6ning \u00e1 55 min. : 4500 kr (inkl opstart)<\/p>\n\n\n\n<p><strong>Det med sm\u00e5t:<\/strong><br>Afbud skal meldes senest 2 timer f\u00f8r aftalte tid p\u00e5 telefonnummer 81 80 50 60 ellers betales der fuldt ud for timen.<br>Afregning sker inden tr\u00e6ning p\u00e5begyndes. Er der k\u00f8bt en pakkel\u00f8sning, afregnes der ved opstart.<br>Skal tr\u00e6ningen ske i tr\u00e6ningscenter (Purple Fitness) betales medlemsskab af klienten.<br>En pakkel\u00f8sning har en gyldighed p\u00e5 6 m\u00e5neder og kan ikke uds\u00e6ttes med mindre andet aftales.<\/p>\n\n\n\n<p>2025<\/p>\n","protected":false},"excerpt":{"rendered":"<p>Online l\u00f8sninger:Webbaseret kostplan: 249krWebbaseret tr\u00e6ningsprogram: 249krWebbaseret kostplan og tr\u00e6ningsprogram: 449kr Programl\u00e6gning og kropsanalyse:Programl\u00e6gning (purple fitness) \u00e1 55 min inklusiv afklaring af m\u00e5l: 299kr. Kropsanalyse (komplet analyse af BMI, fedtprocent\/masse, muskelprocent\/masse m.v.) \u00e1 15 min inklusiv gode r\u00e5d\/vejledning: 69kr Personlig tr\u00e6ning:1 x Personlig tr\u00e6ning 55 min. Inkl tr\u00e6ningsprogram og kropsanalyse 449 kr4 x personlig tr\u00e6ning \u00e1 [&hellip;]<\/p>\n","protected":false},"author":1,"featured_media":0,"parent":0,"menu_order":0,"comment_status":"closed","ping_status":"closed","template":"","meta":{"footnotes":""},"class_list":["post-50","page","type-page","status-publish","hentry"],"_links":{"self":[{"href":"https:\/\/mariannek.dk\/index.php?rest_route=\/wp\/v2\/pages\/50","targetHints":{"allow":["GET"]}}],"collection":[{"href":"https:\/\/mariannek.dk\/index.php?rest_route=\/wp\/v2\/pages"}],"about":[{"href":"https:\/\/mariannek.dk\/index.php?rest_route=\/wp\/v2\/types\/page"}],"author":[{"embeddable":true,"href":"https:\/\/mariannek.dk\/index.php?rest_route=\/wp\/v2\/users\/1"}],"replies":[{"embeddable":true,"href":"https:\/\/mariannek.dk\/index.php?rest_route=%2Fwp%2Fv2%2Fcomments&post=50"}],"version-history":[{"count":3,"href":"https:\/\/mariannek.dk\/index.php?rest_route=\/wp\/v2\/pages\/50\/revisions"}],"predecessor-version":[{"id":74,"href":"https:\/\/mariannek.dk\/index.php?rest_route=\/wp\/v2\/pages\/50\/revisions\/74"}],"wp:attachment":[{"href":"https:\/\/mariannek.dk\/index.php?rest_route=%2Fwp%2Fv2%2Fmedia&parent=50"}],"curies":[{"name":"wp","href":"https:\/\/api.w.org\/{rel}","templated":true}]}}